ctor of 536 and 201.
67
Calculate the greatest common divisor of 17750 and 500.
250
Calculate the highest common factor of 42 and 30.
6
What is the highest common factor of 546 and 630?
42
What is the greatest common divisor of 39 and 4?
1
Calculate the greatest common factor of 161 and 92.
23
What is the highest common factor of 798 and 210?
42
Calculate the highest common factor of 5024 and 64.
32
What is the highest common divisor of 1372 and 28?
28
What is the highest common factor of 143 and 187?
11
What is the greatest common divisor of 192 and 544?
32
Calculate the greatest common divisor of 3442 and 6.
2
Calculate the greatest common factor of 12 and 3684.
12
Calculate the greatest common factor of 272 and 17.
17
Calculate the highest common divisor of 603 and 63.
9
What is the greatest common factor of 33 and 19?
1
Calculate the highest common factor of 56 and 27034.
14
What is the highest common divisor of 24 and 60?
12
Calculate the greatest common factor of 75117 and 219.
219
What is the greatest common divisor of 26 and 819?
13
Calculate the greatest common divisor of 2581 and 89.
89
What is the greatest common factor of 92 and 3174?
46
What is the greatest common divisor of 594 and 162?
54
What is the highest common divisor of 20 and 85?
5
Calculate the greatest common divisor of 3055 and 1885.
65
Calculate the highest common divisor of 10 and 120.
10
Calculate the highest common divisor of 1043 and 298.
149
What is the greatest common factor of 54 and 702?
54
Calculate the highest common factor of 1927 and 369.
41
Calculate the greatest common factor of 4374 and 30.
6
Calculate the highest common divisor of 308 and 28.
28
Calculate the highest common factor of 1874 and 32.
2
What is the greatest common divisor of 48 and 4000?
16
What is the highest common divisor of 2967 and 759?
69
Calculate the highest common divisor of 48 and 708.
12
What is the greatest common factor of 32 and 9152?
32
Calculate the highest common factor of 1100 and 4700.
100
Calculate the greatest common divisor of 42 and 693.
21
What is the greatest common divisor of 20 and 332?
4
What is the greatest common divisor of 576 and 44?
4
Calculate the highest common factor of 9054 and 18.
18
What is the highest common factor of 930 and 90?
30
Calculate the greatest common factor of 1133 and 103.
103
What is the greatest common divisor of 837 and 155?
31
Calculate the highest common divisor of 20 and 160.
20
What is the greatest common divisor of 1088 and 17?
17
Calculate the greatest common factor of 50 and 18650.
50
What is the greatest common divisor of 16 and 112?
16
Calculate the greatest common factor of 965 and 18142.
193
What is the greatest common factor of 10556 and 145?
29
Calculate the highest common factor of 374 and 170.
34
What is the greatest common factor of 1780 and 540?
20
Calculate the highest common divisor of 14570 and 10.
10
Calculate the greatest common divisor of 2852 and 23.
23
What is the greatest common factor of 60 and 660?
60
Calculate the greatest common divisor of 14 and 13258.
14
What is the highest common divisor of 28 and 1498?
14
Calculate the highest common divisor of 35 and 14735.
35
What is the highest common factor of 78 and 6?
6
Calculate the greatest common factor of 18 and 675.
9
What is the highest common factor of 2685 and 15?
15
What is the highest common factor of 2494 and 172?
86
What is the greatest common factor of 7 and 413?
7
What is the greatest common divisor of 336 and 63?
21
What is the greatest common factor of 117 and 65?
13
What is the greatest common factor of 300 and 825?
75
Calculate the greatest common divisor of 3626 and 686.
98
What is the greatest common factor of 34 and 221?
17
What is the greatest common divisor of 114 and 437?
19
Calculate the greatest common divisor of 8906 and 292.
146
What is the greatest common factor of 9915 and 3?
3
Calculate the greatest common factor of 294 and 600.
6
Calculate the highest common factor of 54205 and 74.
37
What is the highest common divisor of 32 and 3088?
16
What is the greatest common divisor of 30742 and 38?
38
What is the greatest common divisor of 57 and 95?
19
What is the highest common divisor of 325 and 39?
13
What is the greatest common divisor of 13 and 33917?
13
Calculate the greatest common factor of 11055 and 165.
165
Calculate the greatest common factor of 3042 and 9.
9
Calculate the greatest common divisor of 192 and 3520.
64
What is the highest common divisor of 160 and 8480?
160
Calculate the highest common factor of 58 and 261.
29
What is the greatest common divisor of 87 and 3?
3
Calculate the greatest common factor of 52 and 32.
4
What is the highest common divisor of 132 and 12?
12
Calculate the greatest common factor of 171 and 3.
3
What is the greatest common divisor of 42 and 336?
42
Calculate the greatest common factor of 40 and 250.
10
Calculate the highest common divisor of 124 and 93.
31
What is the highest common divisor of 4590 and 3910?
170
Calculate the greatest common factor of 60 and 3460.
20
What is the greatest common factor of 363 and 12?
3
What is the highest common divisor of 442 and 68?
34
Calculate the highest common divisor of 51027 and 73.
73
What is the highest common divisor of 636 and 9063?
159
Calculate the highest common divisor of 8 and 2588.
4
What is the greatest common factor of 40 and 304?
8
Calculate the highest common factor of 300 and 375.
75
What is the greatest common divisor of 1836 and 864?
108
Calculate the highest common factor of 917 and 7.
7
Calculate the highest common divisor of 1939 and 7.
7
What is the highest common divisor of 180 and 45?
45
What is the greatest common divisor of 1976 and 1768?
104
Calculate the greatest common divisor of 62 and 1178.
62
What is the highest common factor of 22 and 506?
22
What is the highest common divisor of 230 and 560?
10
Calculate the greatest common divisor of 22 and 77.
11
What is the highest common factor of 234 and 624?
78
What is the highest common divisor of 3735 and 45?
45
What is the highest common factor of 360 and 100?
20
What is the highest common factor of 29 and 7047?
29
Calculate the greatest common divisor of 190 and 76.
38
What is the highest common divisor of 120 and 744?
24
Calculate the highest common divisor of 469 and 14.
7
Calculate the greatest common divisor of 2317 and 133.
7
Calculate the greatest common factor of 252 and 784.
28
What is the greatest common divisor of 71 and 213?
71
What is the highest common divisor of 152 and 8?
8
Calculate the highest common divisor of 47 and 6674.
47
What is the greatest common divisor of 79 and 43529?
79
Calculate the greatest common divisor of 46 and 47794.
46
Calculate the highest common divisor of 18 and 306.
18
Calculate the highest common factor of 21 and 24.
3
What is the greatest common divisor of 374 and 170?
34
Calculate the highest common factor of 159 and 53.
53
What is the greatest common factor of 1912 and 6453?
239
What is the highest common divisor of 2010 and 90?
30
What is the highest common divisor of 187 and 3587?
17
Calculate the greatest common divisor of 12555 and 155.
155
Calculate the highest common divisor of 360 and 160.
40
What is the greatest common factor of 82 and 5289?
41
Calculate the greatest common divisor of 21 and 280.
7
Calculate the highest common factor of 3686 and 38.
38
Calculate the greatest common divisor of 5 and 2095.
5
What is the highest common divisor of 57 and 10982?
19
What is the greatest common divisor of 1243 and 11?
11
What is the highest common divisor of 3159 and 234?
117
Calculate the greatest common divisor of 9 and 657.
9
What is the greatest common divisor of 36 and 1521?
9
What is the highest common divisor of 1833 and 39?
39
Calculate the greatest common divisor of 340 and 3944.
68
What is the greatest common divisor of 4224 and 640?
128
Calculate the greatest common divisor of 69 and 529.
23
What is the greatest common divisor of 255 and 15?
15
Calculate the highest common factor of 624 and 33.
3
What is the highest common factor of 90 and 2934?
18
What is the greatest common divisor of 22 and 7194?
22
What is the highest common factor of 15 and 5040?
15
What is the greatest common factor of 76 and 76?
76
Calculate th